{"id":253,"date":"2021-02-23T10:20:15","date_gmt":"2021-02-23T09:20:15","guid":{"rendered":"https:\/\/broelz-burnout-beratung.de\/?page_id=253"},"modified":"2021-03-03T15:00:27","modified_gmt":"2021-03-03T14:00:27","slug":"253-2","status":"publish","type":"page","link":"https:\/\/broelz-burnout-beratung.de\/index.php\/253-2\/","title":{"rendered":"Fakten"},"content":{"rendered":"<div id='av_section_1'  class='avia-section main_color avia-section-default avia-no-border-styling  av-parallax-section avia-bg-style-parallax  avia-builder-el-0  el_before_av_section  avia-builder-el-first   av-minimum-height av-minimum-height-75  container_wrap fullsize' style=' '  data-section-bg-repeat='no-repeat' data-av_minimum_height_pc='75'><div class='av-parallax' data-avia-parallax-ratio='0.3' ><div class='av-parallax-inner main_color  avia-full-stretch' style = 'background-repeat: no-repeat; background-image: url(https:\/\/broelz-burnout-beratung.de\/wp-content\/uploads\/2021\/03\/Carola-Bro\u0308lz-Burnout-Beratung-U\u0308berforderung-Arbeit.jpg);background-attachment: scroll; background-position: bottom center; ' ><\/div><\/div><div class='container' ><main  role=\"main\" itemprop=\"mainContentOfPage\"  class='template-page content  av-content-full alpha units'><div class='post-entry post-entry-type-page post-entry-253'><div class='entry-content-wrapper clearfix'>\n<div class=\"flex_column av_one_full  flex_column_div av-zero-column-padding first  avia-builder-el-1  avia-builder-el-no-sibling  \" style='border-radius:0px; '><div  style='padding-bottom:10px; ' class='av-special-heading av-special-heading-h1  blockquote modern-quote modern-centered  avia-builder-el-2  avia-builder-el-no-sibling  white_font '><h1 class='av-special-heading-tag '  itemprop=\"headline\"  >Fakten<\/h1><div class='special-heading-border'><div class='special-heading-inner-border' ><\/div><\/div><\/div><\/div>\n\n<\/div><\/div><\/main><!-- close content main element --><\/div><\/div><div id='av_section_2'  class='avia-section main_color avia-section-large avia-no-border-styling  avia-bg-style-scroll  avia-builder-el-3  el_after_av_section  el_before_av_section   container_wrap fullsize' style=' '  ><div class='container' ><div class='template-page content  av-content-full alpha units'><div class='post-entry post-entry-type-page post-entry-253'><div class='entry-content-wrapper clearfix'>\n<div class=\"flex_column av_one_full  flex_column_div av-zero-column-padding first  avia-builder-el-4  avia-builder-el-no-sibling  \" style='border-radius:0px; '><section class=\"av_textblock_section \"  itemscope=\"itemscope\" itemtype=\"https:\/\/schema.org\/CreativeWork\" ><div class='avia_textblock  '   itemprop=\"text\" ><p class=\"p1\"><span class=\"s1\">Das Arbeitsklima spielt eine wichtige Rolle, da hier unn\u00f6tige Energien verschwendet werden k\u00f6nnen. Der K\u00f6rper ben\u00f6tigt deutlich und dauerhaft mehr mentale Kapazit\u00e4ten, wodurch weniger Leistung in die eigentliche Arbeit investiert werden kann.<\/span><\/p>\n<\/div><\/section><\/div>\n\n<\/div><\/div><\/div><!-- close content main div --><\/div><\/div><div id='av_section_3'  class='avia-section alternate_color avia-section-large avia-no-border-styling  avia-bg-style-scroll  avia-builder-el-6  el_after_av_section  el_before_av_section   container_wrap fullsize' style=' '  ><div class='container' ><div class='template-page content  av-content-full alpha units'><div class='post-entry post-entry-type-page post-entry-253'><div class='entry-content-wrapper clearfix'>\n<div class=\"flex_column av_one_fourth  flex_column_div av-zero-column-padding first  avia-builder-el-7  el_before_av_one_fourth  avia-builder-el-first  \" style='border-radius:0px; '><p><div  style='height:25px' class='hr hr-invisible   avia-builder-el-8  el_before_av_image  avia-builder-el-first '><span class='hr-inner ' ><span class='hr-inner-style'><\/span><\/span><\/div><br \/>\n<div  class='avia-image-container  av-styling-    avia-builder-el-9  el_after_av_hr  el_before_av_textblock  avia-align-center '  itemprop=\"image\" itemscope=\"itemscope\" itemtype=\"https:\/\/schema.org\/ImageObject\"  ><div class='avia-image-container-inner'><div class='avia-image-overlay-wrap'><img decoding=\"async\" class='wp-image-650 avia-img-lazy-loading-not-650 avia_image' src=\"https:\/\/broelz-burnout-beratung.de\/wp-content\/uploads\/2021\/02\/Burnout-Beratung-Broelz-145-1.svg\" alt='' title='Burnout Beratung Broelz - 145' height=\"150\" width=\"150\"  itemprop=\"thumbnailUrl\" srcset=\"https:\/\/broelz-burnout-beratung.de\/wp-content\/uploads\/\/2021\/02\/Burnout-Beratung-Broelz-145-1.svg 150w, https:\/\/broelz-burnout-beratung.de\/wp-content\/uploads\/\/2021\/02\/Burnout-Beratung-Broelz-145-1.svg 300w, https:\/\/broelz-burnout-beratung.de\/wp-content\/uploads\/\/2021\/02\/Burnout-Beratung-Broelz-145-1.svg 1024w\" sizes=\"(max-width: 150px) 100vw, 150px\" \/><\/div><\/div><\/div><br \/>\n<section class=\"av_textblock_section \"  itemscope=\"itemscope\" itemtype=\"https:\/\/schema.org\/CreativeWork\" ><div class='avia_textblock  '   itemprop=\"text\" ><p style=\"text-align: center;\"><span class=\"s1\">Krankentage aufgrund psychischer Probleme<\/span><\/p>\n<\/div><\/section><\/p><\/div><div class=\"flex_column av_one_fourth  flex_column_div av-zero-column-padding   avia-builder-el-11  el_after_av_one_fourth  el_before_av_one_fourth  \" style='border-radius:0px; '><p><div  style='height:25px' class='hr hr-invisible   avia-builder-el-12  el_before_av_image  avia-builder-el-first '><span class='hr-inner ' ><span class='hr-inner-style'><\/span><\/span><\/div><br \/>\n<div  class='avia-image-container  av-styling-    avia-builder-el-13  el_after_av_hr  el_before_av_textblock  avia-align-center '  itemprop=\"image\" itemscope=\"itemscope\" itemtype=\"https:\/\/schema.org\/ImageObject\"  ><div class='avia-image-container-inner'><div class='avia-image-overlay-wrap'><img decoding=\"async\" class='wp-image-647 avia-img-lazy-loading-not-647 avia_image' src=\"https:\/\/broelz-burnout-beratung.de\/wp-content\/uploads\/2021\/02\/Burnout-Beratung-Broelz-40000.svg\" alt='' title='Burnout Beratung Broelz - 40000' height=\"150\" width=\"150\"  itemprop=\"thumbnailUrl\" srcset=\"https:\/\/broelz-burnout-beratung.de\/wp-content\/uploads\/\/2021\/02\/Burnout-Beratung-Broelz-40000.svg 150w, https:\/\/broelz-burnout-beratung.de\/wp-content\/uploads\/\/2021\/02\/Burnout-Beratung-Broelz-40000.svg 300w, https:\/\/broelz-burnout-beratung.de\/wp-content\/uploads\/\/2021\/02\/Burnout-Beratung-Broelz-40000.svg 1024w\" sizes=\"(max-width: 150px) 100vw, 150px\" \/><\/div><\/div><\/div><br \/>\n<section class=\"av_textblock_section \"  itemscope=\"itemscope\" itemtype=\"https:\/\/schema.org\/CreativeWork\" ><div class='avia_textblock  '   itemprop=\"text\" ><p class=\"p1\" style=\"text-align: center;\"><span class=\"s1\">Arbeitskr\u00e4fte\/2008<\/span><\/p>\n<\/div><\/section><\/p><\/div><div class=\"flex_column av_one_fourth  flex_column_div av-zero-column-padding   avia-builder-el-15  el_after_av_one_fourth  el_before_av_one_fourth  \" style='border-radius:0px; '><p><div  style='height:25px' class='hr hr-invisible   avia-builder-el-16  el_before_av_image  avia-builder-el-first '><span class='hr-inner ' ><span class='hr-inner-style'><\/span><\/span><\/div><br \/>\n<div  class='avia-image-container  av-styling-    avia-builder-el-17  el_after_av_hr  el_before_av_textblock  avia-align-center '  itemprop=\"image\" itemscope=\"itemscope\" itemtype=\"https:\/\/schema.org\/ImageObject\"  ><div class='avia-image-container-inner'><div class='avia-image-overlay-wrap'><img decoding=\"async\" class='wp-image-648 avia-img-lazy-loading-not-648 avia_image' src=\"https:\/\/broelz-burnout-beratung.de\/wp-content\/uploads\/2021\/02\/Burnout-Beratung-Broelz-10.svg\" alt='' title='Burnout Beratung Broelz - 10' height=\"150\" width=\"150\"  itemprop=\"thumbnailUrl\" srcset=\"https:\/\/broelz-burnout-beratung.de\/wp-content\/uploads\/\/2021\/02\/Burnout-Beratung-Broelz-10.svg 150w, https:\/\/broelz-burnout-beratung.de\/wp-content\/uploads\/\/2021\/02\/Burnout-Beratung-Broelz-10.svg 300w, https:\/\/broelz-burnout-beratung.de\/wp-content\/uploads\/\/2021\/02\/Burnout-Beratung-Broelz-10.svg 1024w\" sizes=\"(max-width: 150px) 100vw, 150px\" \/><\/div><\/div><\/div><br \/>\n<section class=\"av_textblock_section \"  itemscope=\"itemscope\" itemtype=\"https:\/\/schema.org\/CreativeWork\" ><div class='avia_textblock  '   itemprop=\"text\" ><p class=\"p1\" style=\"text-align: center;\"><span class=\"s1\">Tage krank\/2008<\/span><\/p>\n<\/div><\/section><\/p><\/div><div class=\"flex_column av_one_fourth  flex_column_div av-zero-column-padding   avia-builder-el-19  el_after_av_one_fourth  avia-builder-el-last  \" style='border-radius:0px; '><p><div  style='height:25px' class='hr hr-invisible   avia-builder-el-20  el_before_av_image  avia-builder-el-first '><span class='hr-inner ' ><span class='hr-inner-style'><\/span><\/span><\/div><br \/>\n<div  class='avia-image-container  av-styling-    avia-builder-el-21  el_after_av_hr  el_before_av_textblock  avia-align-center '  itemprop=\"image\" itemscope=\"itemscope\" itemtype=\"https:\/\/schema.org\/ImageObject\"  ><div class='avia-image-container-inner'><div class='avia-image-overlay-wrap'><img decoding=\"async\" class='wp-image-649 avia-img-lazy-loading-not-649 avia_image' src=\"https:\/\/broelz-burnout-beratung.de\/wp-content\/uploads\/2021\/02\/Burnout-Beratung-Broelz-23-1.svg\" alt='' title='Burnout Beratung Broelz - 23' height=\"150\" width=\"150\"  itemprop=\"thumbnailUrl\" srcset=\"https:\/\/broelz-burnout-beratung.de\/wp-content\/uploads\/\/2021\/02\/Burnout-Beratung-Broelz-23-1.svg 150w, https:\/\/broelz-burnout-beratung.de\/wp-content\/uploads\/\/2021\/02\/Burnout-Beratung-Broelz-23-1.svg 300w, https:\/\/broelz-burnout-beratung.de\/wp-content\/uploads\/\/2021\/02\/Burnout-Beratung-Broelz-23-1.svg 1024w\" sizes=\"(max-width: 150px) 100vw, 150px\" \/><\/div><\/div><\/div><br \/>\n<section class=\"av_textblock_section \"  itemscope=\"itemscope\" itemtype=\"https:\/\/schema.org\/CreativeWork\" ><div class='avia_textblock  '   itemprop=\"text\" ><p class=\"p1\" style=\"text-align: center;\"><span class=\"s1\">Arbeitsr\u00fcckkehrer<\/span><\/p>\n<\/div><\/section><\/p><\/div>\n\n<\/div><\/div><\/div><!-- close content main div --><\/div><\/div><div id='av_section_4'  class='avia-section main_color avia-section-large avia-no-border-styling  avia-bg-style-scroll  avia-builder-el-23  el_after_av_section  avia-builder-el-last   container_wrap fullsize' style=' '  ><div class='container' ><div class='template-page content  av-content-full alpha units'><div class='post-entry post-entry-type-page post-entry-253'><div class='entry-content-wrapper clearfix'>\n<div class=\"flex_column av_one_full  flex_column_div av-zero-column-padding first  avia-builder-el-24  avia-builder-el-no-sibling  \" style='border-radius:0px; '><section class=\"av_textblock_section \"  itemscope=\"itemscope\" itemtype=\"https:\/\/schema.org\/CreativeWork\" ><div class='avia_textblock  '   itemprop=\"text\" ><p class=\"p1\"><span class=\"s1\"><b>Vermehrte Fehltage durch psychische Probleme<\/b><\/span><\/p>\n<p class=\"p3\"><span class=\"s1\">Bereits 2012 schildert die DAK, dass sich die Krankheitsf\u00e4lle der Angestellten in den letzten 15 Jahren verdoppelt haben. Arbeitnehmer fehlen bei der Arbeit in 14,5% der Krankentage aufgrund psychischer Probleme. Bei der repr\u00e4sentativen BELUGA-Studie an fast 2.000 Pflegekr\u00e4ften aus Altenpflegeheimen wiesen 25% der befragten Mitarbeiter eine beeintr\u00e4chtigte psychische Gesundheit auf. Die Notwendigkeit der Pr\u00e4vention wird \u00fcberdeutlich, auch um den Schaden f\u00fcr die Betriebe m\u00f6glichst gering zu halten und betriebswirtschaftliche Ressourcen nicht zu gef\u00e4hrden.<\/span><\/p>\n<\/div><\/section><br \/>\n<div  style='height:15px' class='hr hr-invisible   avia-builder-el-26  el_after_av_textblock  el_before_av_textblock '><span class='hr-inner ' ><span class='hr-inner-style'><\/span><\/span><\/div><br \/>\n<section class=\"av_textblock_section \"  itemscope=\"itemscope\" itemtype=\"https:\/\/schema.org\/CreativeWork\" ><div class='avia_textblock  '   itemprop=\"text\" ><p class=\"p1\"><span class=\"s1\"><b>Steigende Fallzahlen aufgrund von Burnout<\/b><\/span><\/p>\n<p class=\"p3\"><span class=\"s1\">Hierbei \u00fcberschlagen sich die die Krankenkassen mit Fakten und Zahlen. Deutlich wird vor allem eins: Tendenz stark steigend. Im Jahr 2008 waren in Deutschland ca 40.000 Arbeitskr\u00e4fte insgesamt 10 Millionen Tage krank aufgrund Burnout-Symptomen. Diese Zahl sei in den letzten f\u00fcnf Jahren um 17% gestiegen, so der Gesundheitsreport Techniker KK. Mai 2009-2011 verk\u00fcndet das wissenschaftliche Institut der AOK einen neunfachen Anstieg von Krankheitstagen aufgrund von Burnout im Zeitraum von 2004 bis 2010 (Wissenschaftliches Institut der AOK 2011, S. 1).<\/span><\/p>\n<\/div><\/section><br \/>\n<div  style='height:15px' class='hr hr-invisible   avia-builder-el-28  el_after_av_textblock  el_before_av_textblock '><span class='hr-inner ' ><span class='hr-inner-style'><\/span><\/span><\/div><br \/>\n<section class=\"av_textblock_section \"  itemscope=\"itemscope\" itemtype=\"https:\/\/schema.org\/CreativeWork\" ><div class='avia_textblock  '   itemprop=\"text\" ><p class=\"p1\"><span class=\"s1\"><b>Schlechte Rehabilitationsrate<\/b><\/span><\/p>\n<p class=\"p3\"><span class=\"s1\">So steht z.B. im Spektrum geschrieben:<\/span><\/p>\n<p class=\"p3\"><span class=\"s1\">Laut dem Bundesverband der Betriebskrankenkassen seien die Arbeitsunf\u00e4higkeitstage auf Grund von Burnout zwischen 2004 und 2012 um das 18-Fache gestiegen. Jedes Jahr gehen laut Sch\u00e4tzungen des Bundesministeriums f\u00fcr Arbeit und Soziales 54 Millionen Arbeitsfehltage in Deutschland auf psychische \u00dcberlastung und Burnout zur\u00fcck.<\/span><\/p>\n<\/div><\/section><\/p><\/div>\n\n","protected":false},"excerpt":{"rendered":"","protected":false},"author":1,"featured_media":0,"parent":0,"menu_order":0,"comment_status":"closed","ping_status":"closed","template":"","meta":{"footnotes":""},"class_list":["post-253","page","type-page","status-publish","hentry"],"_links":{"self":[{"href":"https:\/\/broelz-burnout-beratung.de\/index.php\/wp-json\/wp\/v2\/pages\/253","targetHints":{"allow":["GET"]}}],"collection":[{"href":"https:\/\/broelz-burnout-beratung.de\/index.php\/wp-json\/wp\/v2\/pages"}],"about":[{"href":"https:\/\/broelz-burnout-beratung.de\/index.php\/wp-json\/wp\/v2\/types\/page"}],"author":[{"embeddable":true,"href":"https:\/\/broelz-burnout-beratung.de\/index.php\/wp-json\/wp\/v2\/users\/1"}],"replies":[{"embeddable":true,"href":"https:\/\/broelz-burnout-beratung.de\/index.php\/wp-json\/wp\/v2\/comments?post=253"}],"version-history":[{"count":15,"href":"https:\/\/broelz-burnout-beratung.de\/index.php\/wp-json\/wp\/v2\/pages\/253\/revisions"}],"predecessor-version":[{"id":981,"href":"https:\/\/broelz-burnout-beratung.de\/index.php\/wp-json\/wp\/v2\/pages\/253\/revisions\/981"}],"wp:attachment":[{"href":"https:\/\/broelz-burnout-beratung.de\/index.php\/wp-json\/wp\/v2\/media?parent=253"}],"curies":[{"name":"wp","href":"https:\/\/api.w.org\/{rel}","templated":true}]}}