{"id":245,"date":"2021-02-23T10:02:08","date_gmt":"2021-02-23T09:02:08","guid":{"rendered":"https:\/\/broelz-burnout-beratung.de\/?page_id=245"},"modified":"2021-03-03T15:22:21","modified_gmt":"2021-03-03T14:22:21","slug":"ursachen","status":"publish","type":"page","link":"https:\/\/broelz-burnout-beratung.de\/index.php\/ursachen\/","title":{"rendered":"Ursachen"},"content":{"rendered":"<div id='av_section_1'  class='avia-section alternate_color avia-section-large avia-no-border-styling  avia-full-stretch avia-bg-style-scroll  avia-builder-el-0  el_before_av_section  avia-builder-el-first   av-minimum-height av-minimum-height-75  container_wrap fullsize' style='background-repeat: no-repeat; background-image: url(https:\/\/broelz-burnout-beratung.de\/wp-content\/uploads\/2021\/02\/Burnout-Beratung-Broelz-grosse-weisse-Linien-2.svg);background-attachment: scroll; background-position: center center;  '  data-section-bg-repeat='stretch' data-av_minimum_height_pc='75'><div class='container' ><main  role=\"main\" itemprop=\"mainContentOfPage\"  class='template-page content  av-content-full alpha units'><div class='post-entry post-entry-type-page post-entry-245'><div class='entry-content-wrapper clearfix'>\n<div class=\"flex_column av_one_full  flex_column_div av-zero-column-padding first  avia-builder-el-1  avia-builder-el-no-sibling  \" style='border-radius:0px; '><p><div  style='padding-bottom:10px; ' class='av-special-heading av-special-heading-h1  blockquote modern-quote modern-centered  avia-builder-el-2  el_before_av_hr  avia-builder-el-first  blue_font '><h1 class='av-special-heading-tag '  itemprop=\"headline\"  >Ursachen<\/h1><div class='special-heading-border'><div class='special-heading-inner-border' ><\/div><\/div><\/div><br \/>\n<div  style='height:50px' class='hr hr-invisible   avia-builder-el-3  el_after_av_heading  el_before_av_buttonrow '><span class='hr-inner ' ><span class='hr-inner-style'><\/span><\/span><\/div><br \/>\n<div  class='avia-buttonrow-wrap avia-buttonrow-center   avia-builder-el-4  el_after_av_hr  avia-builder-el-last '>\n<a href=''  class='avia-button  avia-color-theme-color  avia-icon_select-no avia-size-small '  style='margin-bottom:5px; margin-left:3px; margin-right:3px; ' ><span class='avia_iconbox_title' >Negatives denken<\/span><\/a>\n<a href=''  class='avia-button  avia-color-theme-color  avia-icon_select-no avia-size-small '  style='margin-bottom:5px; margin-left:3px; margin-right:3px; ' ><span class='avia_iconbox_title' >eigene Kritikf\u00e4higkeit<\/span><\/a>\n<a href=''  class='avia-button  avia-color-theme-color  avia-icon_select-no avia-size-small '  style='margin-bottom:5px; margin-left:3px; margin-right:3px; ' ><span class='avia_iconbox_title' >H\u00e4ufigkeit von Stresssituationen<\/span><\/a>\n<a href=''  class='avia-button  avia-color-theme-color  avia-icon_select-no avia-size-small '  style='margin-bottom:5px; margin-left:3px; margin-right:3px; ' ><span class='avia_iconbox_title' >St\u00e4ndiger Zeitdruck<\/span><\/a>\n<a href=''  class='avia-button  avia-color-theme-color  avia-icon_select-no avia-size-small '  style='margin-bottom:5px; margin-left:3px; margin-right:3px; ' ><span class='avia_iconbox_title' >Verzerrtes Selbstbild<\/span><\/a>\n<a href=''  class='avia-button  avia-color-theme-color  avia-icon_select-no avia-size-small '  style='margin-bottom:5px; margin-left:3px; margin-right:3px; ' ><span class='avia_iconbox_title' >pers\u00f6nliche Entwicklung<\/span><\/a>\n<a href=''  class='avia-button  avia-color-theme-color  avia-icon_select-no avia-size-small '  style='margin-bottom:5px; margin-left:3px; margin-right:3px; ' ><span class='avia_iconbox_title' >Genetische Veranlagung<\/span><\/a>\n<a href=''  class='avia-button  avia-color-theme-color  avia-icon_select-no avia-size-small '  style='margin-bottom:5px; margin-left:3px; margin-right:3px; ' ><span class='avia_iconbox_title' >Gefu\u0308hl des Zeitmangels<\/span><\/a>\n<a href=''  class='avia-button  avia-color-theme-color  avia-icon_select-no avia-size-small '  style='margin-bottom:5px; margin-left:3px; margin-right:3px; ' ><span class='avia_iconbox_title' >aktuelle Umgebung<\/span><\/a>\n<a href=''  class='avia-button  avia-color-theme-color  avia-icon_select-no avia-size-small '  style='margin-bottom:5px; margin-left:3px; margin-right:3px; ' ><span class='avia_iconbox_title' >Mangelnde Selbstliebe<\/span><\/a>\n<\/div><\/p><\/div>\n\n<\/div><\/div><\/main><!-- close content main element --><\/div><\/div><div id='av_section_2'  class='avia-section main_color avia-section-large avia-no-border-styling  avia-bg-style-scroll  avia-builder-el-5  el_after_av_section  el_before_av_section   container_wrap fullsize' style=' '  ><div class='container' ><div class='template-page content  av-content-full alpha units'><div class='post-entry post-entry-type-page post-entry-245'><div class='entry-content-wrapper clearfix'>\n<div class=\"flex_column av_one_full  flex_column_div av-zero-column-padding first  avia-builder-el-6  avia-builder-el-no-sibling  \" style='border-radius:0px; '><p><div  style='padding-bottom:10px; ' class='av-special-heading av-special-heading-h2  blockquote modern-quote modern-centered  avia-builder-el-7  el_before_av_textblock  avia-builder-el-first  '><h2 class='av-special-heading-tag '  itemprop=\"headline\"  >Warnsignale<\/h2><div class='special-heading-border'><div class='special-heading-inner-border' ><\/div><\/div><\/div><br \/>\n<section class=\"av_textblock_section \"  itemscope=\"itemscope\" itemtype=\"https:\/\/schema.org\/CreativeWork\" ><div class='avia_textblock  '   itemprop=\"text\" ><p class=\"p1\"><span class=\"s1\">K\u00f6rperliche Symptome sind Warnsignale. Anstatt, dass wir in uns hinein h\u00f6ren, blenden wir die Symptome lieber mit Medikamenten aus. Dabei will der K\u00f6rper uns etwas mitteilen!<br \/>\n<\/span><\/p>\n<p class=\"p1\"><span class=\"s1\">Wenn wir genauer darauf achten k\u00f6nnen wir sogar in S\u00e4tzen heraus h\u00f6ren wie: \u201eDas bereitet mir Kopfzerbrechen\u201c und \u201eDas schl\u00e4gt mir auf den Magen\u201c. Da stellt sich die Frage warum es soweit gekommen ist, dass wir so lieblos mit uns umgehen. Wenn wir nicht auf uns selbst achten sind wir auch keine Bereicherung f\u00fcr uns selbst.<\/span><\/p>\n<\/div><\/section><\/p><\/div>\n\n<\/div><\/div><\/div><!-- close content main div --><\/div><\/div><div id='av_section_3'  class='avia-section alternate_color avia-section-large avia-no-border-styling  avia-bg-style-scroll  avia-builder-el-9  el_after_av_section  el_before_av_section   container_wrap fullsize' style=' '  ><div class='container' ><div class='template-page content  av-content-full alpha units'><div class='post-entry post-entry-type-page post-entry-245'><div class='entry-content-wrapper clearfix'>\n<div class=\"flex_column av_one_full  flex_column_div av-zero-column-padding first  avia-builder-el-10  avia-builder-el-no-sibling  \" style='border-radius:0px; '><p><div  style='padding-bottom:10px; ' class='av-special-heading av-special-heading-h2  blockquote modern-quote modern-centered  avia-builder-el-11  el_before_av_textblock  avia-builder-el-first  '><h2 class='av-special-heading-tag '  itemprop=\"headline\"  >Stress<\/h2><div class='special-heading-border'><div class='special-heading-inner-border' ><\/div><\/div><\/div><br \/>\n<section class=\"av_textblock_section \"  itemscope=\"itemscope\" itemtype=\"https:\/\/schema.org\/CreativeWork\" ><div class='avia_textblock  '   itemprop=\"text\" ><p class=\"p1\"><span class=\"s1\">Ob Stress positiv oder negativ bewertet wird h\u00e4ngt von seiner Dauer und dem individuellen, subjektiven Empfinden, Ressourcen und F\u00e4higkeiten ab.<\/span><\/p>\n<p class=\"p1\"><strong><span class=\"s1\">Typische Stressoren<\/span><\/strong><\/p>\n<\/div><\/section><br \/>\n<div  id=\"iconlist\"  class='avia-icon-list-container   avia-builder-el-13  el_after_av_textblock  avia-builder-el-last '><ul class='avia-icon-list avia-icon-list-left av-iconlist-big avia_animate_when_almost_visible avia-iconlist-animate'>\n<li><div  class='iconlist_icon  avia-font-fontello'><span class='iconlist-char ' aria-hidden='true' data-av_icon='\ue801' data-av_iconfont='fontello'><\/span><\/div><article class=\"article-icon-entry \"  itemscope=\"itemscope\" itemtype=\"https:\/\/schema.org\/CreativeWork\" ><div class='iconlist_content_wrap'><header class=\"entry-content-header\"><\/header><div class='iconlist_content  '  itemprop=\"text\"  ><p>Physische Belastung wie z.B. L\u00e4rm, Schichtdienst, schwere k\u00f6rperliche Arbeiten, Rauch, Bewegungsmangel<\/p>\n<\/div><\/div><footer class=\"entry-footer\"><\/footer><\/article><div class='iconlist-timeline'><\/div><\/li>\n<li><div  class='iconlist_icon  avia-font-fontello'><span class='iconlist-char ' aria-hidden='true' data-av_icon='\ue800' data-av_iconfont='fontello'><\/span><\/div><article class=\"article-icon-entry \"  itemscope=\"itemscope\" itemtype=\"https:\/\/schema.org\/CreativeWork\" ><div class='iconlist_content_wrap'><header class=\"entry-content-header\"><\/header><div class='iconlist_content  '  itemprop=\"text\"  ><p>Psychische Belastungen wie z.B. Termindruck, Konkurrenzkampf, soziale Isolation, Fremdbestimmung, \u00c4rger in der Familie<\/p>\n<\/div><\/div><footer class=\"entry-footer\"><\/footer><\/article><div class='iconlist-timeline'><\/div><\/li>\n<li><div  class='iconlist_icon  avia-font-fontello'><span class='iconlist-char ' aria-hidden='true' data-av_icon='\ue80b' data-av_iconfont='fontello'><\/span><\/div><article class=\"article-icon-entry \"  itemscope=\"itemscope\" itemtype=\"https:\/\/schema.org\/CreativeWork\" ><div class='iconlist_content_wrap'><header class=\"entry-content-header\"><\/header><div class='iconlist_content  '  itemprop=\"text\"  ><p>Negative Gedanken oder Einstellungen wie z.B. es allen recht machen wollen, sich als Versager zu fu\u0308hlen, nur das Schlimmste erwarten<\/p>\n<\/div><\/div><footer class=\"entry-footer\"><\/footer><\/article><div class='iconlist-timeline'><\/div><\/li>\n<\/ul><\/div><\/p><\/div>\n\n<\/div><\/div><\/div><!-- close content main div --><\/div><\/div><div id='av_section_4'  class='avia-section main_color avia-section-large avia-no-border-styling  avia-bg-style-scroll  avia-builder-el-14  el_after_av_section  el_before_av_section   container_wrap fullsize' style='background-color: #1c3250;  '  ><div class='container' ><div class='template-page content  av-content-full alpha units'><div class='post-entry post-entry-type-page post-entry-245'><div class='entry-content-wrapper clearfix'>\n<div class=\"flex_column av_one_full  flex_column_div av-zero-column-padding first  avia-builder-el-15  avia-builder-el-no-sibling  \" style='border-radius:0px; '><section class=\"av_textblock_section \"  itemscope=\"itemscope\" itemtype=\"https:\/\/schema.org\/CreativeWork\" ><div class='avia_textblock white_font av_inherit_color '  style='color:#ffffff; '  itemprop=\"text\" ><p class=\"p1\"><span class=\"s1\"><b>Albert Einstein und Mozart<\/b><\/span><\/p>\n<p class=\"p1\"><span class=\"s1\"><i>Beide waren absolute Genies. H\u00e4tten beide ihre Berufe getauscht z.B. aus famili\u00e4ren oder finanziellen Gr\u00fcnden, dann w\u00e4ren wir uns einig, dass vermutlich beide nie ber\u00fchmt geworden w\u00e4ren. Einstein h\u00e4tte niemals die Leidenschaft auf die Tasten gebracht. Es w\u00e4re eine Qual f\u00fcr ihn geworden h\u00e4tte er jeden Tag Klavier spielen m\u00fcssen.<span class=\"Apple-converted-space\">\u00a0<\/span><\/i><\/span><\/p>\n<p class=\"p1\"><span class=\"s1\"><i>Sicherlich w\u00e4ren Beide ungl\u00fccklich gewesen. Doch sie haben ihre Leidenschaft und Berufung ausleben d\u00fcrfen und haben an sich geglaubt. Sie sind gl\u00fccklich gewesen auch wenn beide schwere Phasen durchleben mussten.<\/i><\/span><\/p>\n<\/div><\/section><br \/>\n<div  style='height:1px; margin-top:-50px'  class='hr hr-invisible   avia-builder-el-17  el_after_av_textblock  avia-builder-el-last '><span class='hr-inner ' ><span class='hr-inner-style'><\/span><\/span><\/div><\/p><\/div>\n\n<\/div><\/div><\/div><!-- close content main div --><\/div><\/div><div id='100'  class='avia-section main_color avia-section-default avia-no-border-styling  avia-full-stretch avia-bg-style-scroll  avia-builder-el-18  el_after_av_section  el_before_av_section   container_wrap fullsize' style='background-color: #1c3250; background-repeat: no-repeat; background-image: url(https:\/\/broelz-burnout-beratung.de\/wp-content\/uploads\/2021\/03\/Burnout-Beratung-Broelz-Hintergrund-weisse-Linien.svg);background-attachment: scroll; background-position: top center;  margin-top:0px; margin-bottom:0px; '  data-section-bg-repeat='stretch'><div class='container' ><div class='template-page content  av-content-full alpha units'><div class='post-entry post-entry-type-page post-entry-245'><div class='entry-content-wrapper clearfix'>\n<\/div><\/div><\/div><!-- close content main div --><\/div><\/div><div id='av_section_6'  class='avia-section alternate_color avia-section-large avia-no-border-styling  avia-bg-style-scroll  avia-builder-el-19  el_after_av_section  avia-builder-el-last   container_wrap fullsize' style=' '  ><div class='container' ><div class='template-page content  av-content-full alpha units'><div class='post-entry post-entry-type-page post-entry-245'><div class='entry-content-wrapper clearfix'>\n<div class=\"flex_column av_one_full  flex_column_div av-zero-column-padding first  avia-builder-el-20  el_before_av_one_half  avia-builder-el-first  \" style='border-radius:0px; '><p><div  class='avia-image-container  av-styling-    avia-builder-el-21  el_before_av_hr  avia-builder-el-first  avia-align-center '  itemprop=\"image\" itemscope=\"itemscope\" itemtype=\"https:\/\/schema.org\/ImageObject\"  ><div class='avia-image-container-inner'><div class='avia-image-overlay-wrap'><img decoding=\"async\" class='wp-image-731 avia-img-lazy-loading-not-731 avia_image' src=\"https:\/\/broelz-burnout-beratung.de\/wp-content\/uploads\/2021\/02\/Burnout-Beratung-Broelz-Weitere-Ausloeser-1.svg\" alt='' title='Burnout Beratung Broelz - Weitere Ausloeser' height=\"300\" width=\"300\"  itemprop=\"thumbnailUrl\" srcset=\"https:\/\/broelz-burnout-beratung.de\/wp-content\/uploads\/\/2021\/02\/Burnout-Beratung-Broelz-Weitere-Ausloeser-1.svg 150w, https:\/\/broelz-burnout-beratung.de\/wp-content\/uploads\/\/2021\/02\/Burnout-Beratung-Broelz-Weitere-Ausloeser-1.svg 300w, https:\/\/broelz-burnout-beratung.de\/wp-content\/uploads\/\/2021\/02\/Burnout-Beratung-Broelz-Weitere-Ausloeser-1.svg 1024w\" sizes=\"(max-width: 300px) 100vw, 300px\" \/><\/div><\/div><\/div><br \/>\n<div  style='height:25px' class='hr hr-invisible   avia-builder-el-22  el_after_av_image  avia-builder-el-last '><span class='hr-inner ' ><span class='hr-inner-style'><\/span><\/span><\/div><\/p><\/div><div class='flex_column_table av-equal-height-column-flextable -flextable' style='margin-top:0px; margin-bottom:15px; '><div class=\"flex_column av_one_half  flex_column_table_cell av-equal-height-column av-align-top av-zero-column-padding first  avia-builder-el-23  el_after_av_one_full  el_before_av_one_half  column-top-margin\" style='border-radius:0px; ' id=\"lightbluebox\" ><section class=\"av_textblock_section \"  itemscope=\"itemscope\" itemtype=\"https:\/\/schema.org\/CreativeWork\" ><div class='avia_textblock  '   itemprop=\"text\" ><p class=\"p1\"><span class=\"s1\"><b>Mangelnde Selbstliebe<\/b><\/span><\/p>\n<p class=\"p1\"><span class=\"s1\">Wie kann ich andere lieben, wenn ich mich selbst nicht liebe\/ akzeptiere wie ich bin. Sagen zu k\u00f6nnen: \u201eDas hab ich gut gemacht\u201c &#8211; Ganz ohne Arroganz und schlechtem Gewissen. Diese F\u00e4higkeit haben wir nirgendwo gelernt. Es ist wichtig es f\u00fcr sich selbst einzustehen. Das gelingt uns erst wenn wir unseren eigenen Wert erkannt haben. Wir m\u00fcssen nichts f\u00fcr andere tun, wir d\u00fcrfen. Jeder hat das Recht Nein zu sagen.<span class=\"Apple-converted-space\">\u00a0<\/span><\/span><\/p>\n<\/div><\/section><\/div><div class='av-flex-placeholder'><\/div><div class=\"flex_column av_one_half  flex_column_table_cell av-equal-height-column av-align-top av-zero-column-padding   avia-builder-el-25  el_after_av_one_half  el_before_av_one_half  column-top-margin\" style='border-radius:0px; ' id=\"greyborderbox\" ><section class=\"av_textblock_section \"  itemscope=\"itemscope\" itemtype=\"https:\/\/schema.org\/CreativeWork\" ><div class='avia_textblock  '   itemprop=\"text\" ><p class=\"p1\"><span class=\"s1\"><b>Automatisierung<\/b><\/span><\/p>\n<p class=\"p1\"><span class=\"s1\">Stellen wir unser Gehirn wie ein Stra\u00dfennetz vor. Die Stra\u00dfen, die wir h\u00e4ufig benutzten kennen wir quasi auswendig. Wege, die wir wiederum selten nutzen wuchern zu und wir finden sie nicht mehr. Wenn wir unser Gehirn nun mit negativen Leitspr\u00fcchen f\u00fcttern, kennen und glauben wir diese wie selbstverst\u00e4ndlich. Sie werden automatisiert.<span class=\"Apple-converted-space\">\u00a0<\/span><\/span><\/p>\n<\/div><\/section><\/div><\/div><!--close column table wrapper. Autoclose: 1 --><div class='flex_column_table av-equal-height-column-flextable -flextable' style='margin-top:0px; margin-bottom:0px; '><div class=\"flex_column av_one_half  flex_column_table_cell av-equal-height-column av-align-top av-zero-column-padding first  avia-builder-el-27  el_after_av_one_half  el_before_av_one_half  column-top-margin\" style='border-radius:0px; ' id=\"blueborderbox\" ><section class=\"av_textblock_section \"  itemscope=\"itemscope\" itemtype=\"https:\/\/schema.org\/CreativeWork\" ><div class='avia_textblock  '   itemprop=\"text\" ><p class=\"p1\"><span class=\"s1\"><b>Falsche Ern\u00e4hrung<\/b><\/span><\/p>\n<p class=\"p1\"><span class=\"s1\">Auch die Ern\u00e4hrung spielt eine wichtige Rolle, sowie versteckte Lebensmittelallergien. Wenig Fleisch, wenig Zucker, ausreichend Vitamine und viel Wasser tragen dazu bei gesund zu sein.<\/span><\/p>\n<\/div><\/section><\/div><div class='av-flex-placeholder'><\/div><div class=\"flex_column av_one_half  flex_column_table_cell av-equal-height-column av-align-top av-zero-column-padding   avia-builder-el-29  el_after_av_one_half  avia-builder-el-last  column-top-margin\" style='border-radius:0px; ' id=\"bluebox\" ><section class=\"av_textblock_section \"  itemscope=\"itemscope\" itemtype=\"https:\/\/schema.org\/CreativeWork\" ><div class='avia_textblock  '   itemprop=\"text\" ><p class=\"p1\"><span class=\"s1\"><b>Eingeschr\u00e4nkte Wahrnehmung<\/b><\/span><\/p>\n<p class=\"p1\"><span class=\"s1\">Was nehmen Sie wahr? Haben Sie den Gedanken ein Haus zu bauen dann sehen Sie auf einmal \u00fcberall Neubaugebiete. So \u00e4hnlich ist es auch mit negativen Gedanken. Andere ziehen das Gl\u00fcck magisch an &#8211; \u201eIch ziehe nur den Schrott an\u201c. Und dabei haben Sie sogar Recht. Wer sich so sehr darauf konzentriert zu verlieren, der verliert. Drehen Sie den Spie\u00df um. Lernen Sie auf eine ges\u00fcndere Art zu denken.<\/span><\/p>\n<\/div><\/section><\/div><\/div><!--close column table wrapper. Autoclose: 1 -->\n\n","protected":false},"excerpt":{"rendered":"","protected":false},"author":1,"featured_media":0,"parent":0,"menu_order":0,"comment_status":"closed","ping_status":"closed","template":"","meta":{"footnotes":""},"class_list":["post-245","page","type-page","status-publish","hentry"],"_links":{"self":[{"href":"https:\/\/broelz-burnout-beratung.de\/index.php\/wp-json\/wp\/v2\/pages\/245","targetHints":{"allow":["GET"]}}],"collection":[{"href":"https:\/\/broelz-burnout-beratung.de\/index.php\/wp-json\/wp\/v2\/pages"}],"about":[{"href":"https:\/\/broelz-burnout-beratung.de\/index.php\/wp-json\/wp\/v2\/types\/page"}],"author":[{"embeddable":true,"href":"https:\/\/broelz-burnout-beratung.de\/index.php\/wp-json\/wp\/v2\/users\/1"}],"replies":[{"embeddable":true,"href":"https:\/\/broelz-burnout-beratung.de\/index.php\/wp-json\/wp\/v2\/comments?post=245"}],"version-history":[{"count":20,"href":"https:\/\/broelz-burnout-beratung.de\/index.php\/wp-json\/wp\/v2\/pages\/245\/revisions"}],"predecessor-version":[{"id":1001,"href":"https:\/\/broelz-burnout-beratung.de\/index.php\/wp-json\/wp\/v2\/pages\/245\/revisions\/1001"}],"wp:attachment":[{"href":"https:\/\/broelz-burnout-beratung.de\/index.php\/wp-json\/wp\/v2\/media?parent=245"}],"curies":[{"name":"wp","href":"https:\/\/api.w.org\/{rel}","templated":true}]}}