{"id":240,"date":"2021-02-23T09:54:03","date_gmt":"2021-02-23T08:54:03","guid":{"rendered":"https:\/\/broelz-burnout-beratung.de\/?page_id=240"},"modified":"2021-03-03T15:00:42","modified_gmt":"2021-03-03T14:00:42","slug":"methoden","status":"publish","type":"page","link":"https:\/\/broelz-burnout-beratung.de\/index.php\/methoden\/","title":{"rendered":"Methoden"},"content":{"rendered":"<div id='av_section_1'  class='avia-section main_color avia-section-default avia-no-border-styling  av-parallax-section avia-bg-style-parallax  avia-builder-el-0  el_before_av_section  avia-builder-el-first   av-minimum-height av-minimum-height-75  container_wrap fullsize' style=' '  data-section-bg-repeat='no-repeat' data-av_minimum_height_pc='75'><div class='av-parallax' data-avia-parallax-ratio='0.3' ><div class='av-parallax-inner main_color  avia-full-stretch' style = 'background-repeat: no-repeat; background-image: url(https:\/\/broelz-burnout-beratung.de\/wp-content\/uploads\/2021\/03\/Carola-Bro\u0308lz-Burnout-Beratung-Methoden.jpg);background-attachment: scroll; background-position: center center; ' ><\/div><\/div><div class='container' ><main  role=\"main\" itemprop=\"mainContentOfPage\"  class='template-page content  av-content-full alpha units'><div class='post-entry post-entry-type-page post-entry-240'><div class='entry-content-wrapper clearfix'>\n<div class=\"flex_column av_one_full  flex_column_div av-zero-column-padding first  avia-builder-el-1  avia-builder-el-no-sibling  \" style='border-radius:0px; '><div  style='padding-bottom:10px; ' class='av-special-heading av-special-heading-h1  blockquote modern-quote modern-centered  avia-builder-el-2  avia-builder-el-no-sibling  white_font '><h1 class='av-special-heading-tag '  itemprop=\"headline\"  >Methoden<\/h1><div class='special-heading-border'><div class='special-heading-inner-border' ><\/div><\/div><\/div><\/div>\n\n<\/div><\/div><\/main><!-- close content main element --><\/div><\/div><div id='av_section_2'  class='avia-section alternate_color avia-section-large avia-no-border-styling  avia-bg-style-fixed  avia-builder-el-3  el_after_av_section  el_before_av_section   container_wrap fullsize' style=' '  ><div class='container' ><div class='template-page content  av-content-full alpha units'><div class='post-entry post-entry-type-page post-entry-240'><div class='entry-content-wrapper clearfix'>\n<div class=\"flex_column av_one_full  flex_column_div av-zero-column-padding first  avia-builder-el-4  avia-builder-el-no-sibling  \" style='border-radius:0px; '><p><div  style='padding-bottom:10px; ' class='av-special-heading av-special-heading-h2  blockquote modern-quote modern-centered  avia-builder-el-5  el_before_av_textblock  avia-builder-el-first  blue_font '><h2 class='av-special-heading-tag '  itemprop=\"headline\"  >Achtsamkeits\u00adtraining<\/h2><div class='special-heading-border'><div class='special-heading-inner-border' ><\/div><\/div><\/div><br \/>\n<section class=\"av_textblock_section \"  itemscope=\"itemscope\" itemtype=\"https:\/\/schema.org\/CreativeWork\" ><div class='avia_textblock  '   itemprop=\"text\" ><p class=\"p1\" style=\"text-align: center;\"><span class=\"s1\">Dinge bewusst tun und wieder daran Freude finden auch wenn andere Dinge dadurch nicht erledigt werden. Ein Umdenken ist wichtig.<br \/>\nDas Achtsamkeitstraining hilft Ihnen Stress zu minimieren und Gr\u00fcbeleien zu unterbrechen. Es hilft Ihnen konzentrierter und pr\u00e4senter zu sein und somit wieder mehr zu k\u00f6rperlichen und seelischen Balance zu kommen.<\/span><\/p>\n<\/div><\/section><\/p><\/div>\n\n<\/div><\/div><\/div><!-- close content main div --><\/div><\/div><div id='veraenderung'  class='avia-section main_color avia-section-large avia-no-border-styling  avia-bg-style-fixed  avia-builder-el-7  el_after_av_section  el_before_av_section   container_wrap fullsize' style=' '  ><div class='container' ><div class='template-page content  av-content-full alpha units'><div class='post-entry post-entry-type-page post-entry-240'><div class='entry-content-wrapper clearfix'>\n<div class=\"flex_column av_two_third  flex_column_div av-zero-column-padding first  avia-builder-el-8  el_before_av_one_third  avia-builder-el-first  \" style='border-radius:0px; '><p><div  class='avia-image-container  av-styling-    avia-builder-el-9  el_before_av_hr  avia-builder-el-first  avia-align-left '  itemprop=\"image\" itemscope=\"itemscope\" itemtype=\"https:\/\/schema.org\/ImageObject\"  ><div class='avia-image-container-inner'><div class='avia-image-overlay-wrap'><img decoding=\"async\" class='wp-image-758 avia-img-lazy-loading-not-758 avia_image' src=\"https:\/\/broelz-burnout-beratung.de\/wp-content\/uploads\/2021\/02\/Burnout-Beratung-Broelz-Veraenderungen-2.svg\" alt='' title='Burnout Beratung Broelz - Veraenderungen' height=\"300\" width=\"300\"  itemprop=\"thumbnailUrl\" srcset=\"https:\/\/broelz-burnout-beratung.de\/wp-content\/uploads\/\/2021\/02\/Burnout-Beratung-Broelz-Veraenderungen-2.svg 150w, https:\/\/broelz-burnout-beratung.de\/wp-content\/uploads\/\/2021\/02\/Burnout-Beratung-Broelz-Veraenderungen-2.svg 300w, https:\/\/broelz-burnout-beratung.de\/wp-content\/uploads\/\/2021\/02\/Burnout-Beratung-Broelz-Veraenderungen-2.svg 1024w\" sizes=\"(max-width: 300px) 100vw, 300px\" \/><\/div><\/div><\/div><br \/>\n<div  style='height:1px' class='hr hr-invisible   avia-builder-el-10  el_after_av_image  el_before_av_textblock '><span class='hr-inner ' ><span class='hr-inner-style'><\/span><\/span><\/div><br \/>\n<section class=\"av_textblock_section \"  itemscope=\"itemscope\" itemtype=\"https:\/\/schema.org\/CreativeWork\" ><div class='avia_textblock  '   itemprop=\"text\" ><p class=\"p1\">Seelische Leiden und k\u00f6rperliche Symptome<\/p>\n<\/div><\/section><br \/>\n<section class=\"av_textblock_section \"  itemscope=\"itemscope\" itemtype=\"https:\/\/schema.org\/CreativeWork\" ><div class='avia_textblock  '   itemprop=\"text\" ><p class=\"p1\"><span class=\"s1\">S\u00e4tze wie \u201eDie Last auf den Schultern tragen\u201c, \u201eDas schl\u00e4gt mir auf den Magen\u201c oder \u201eNicht mehr aufrecht stehen k\u00f6nnen\u201c symbolisieren die k\u00f6rperlichen Warnsignale. Der K\u00f6rper zwingt uns zur Ruhe und Erholung. Hier gilt es nun wieder genauer hinzuh\u00f6ren, um Signale wieder zu erkennen.<\/span><\/p>\n<p class=\"p1\"><span class=\"s1\">Unser Gehirn speichert neue Informationen immer wieder neu ab und bietet somit neue M\u00f6glichkeiten. Wichtig hierbei sind Wiederholungen. Wird unser Gehirn wiederholt mit Informationen gef\u00fcttert gelangen Sie in den Langzeitspeicher und werden automatisiert. Man muss nur aufpassen dass die Stra\u00dfe nicht wieder zu wuchert. Das hei\u00dft ein positives Gedankenmuster muss so oft wiederholt werden bis es sich fest verankert hat.<\/span><\/p>\n<\/div><\/section><\/p><\/div><div class=\"flex_column av_one_third  flex_column_div av-zero-column-padding   avia-builder-el-13  el_after_av_two_third  avia-builder-el-last  \" style='border-radius:0px; '><div  class='avia-image-container  av-styling-    avia-builder-el-14  avia-builder-el-no-sibling  avia-align-center '  itemprop=\"image\" itemscope=\"itemscope\" itemtype=\"https:\/\/schema.org\/ImageObject\"  ><div class='avia-image-container-inner'><div class='avia-image-overlay-wrap'><img decoding=\"async\" class='wp-image-493 avia-img-lazy-loading-not-493 avia_image' src=\"https:\/\/broelz-burnout-beratung.de\/wp-content\/uploads\/2021\/02\/Burnout-Beratung-Broelz-Bild-1.png\" alt='' title='Burnout Beratung Broelz - Bild 1' height=\"600\" width=\"600\"  itemprop=\"thumbnailUrl\" srcset=\"https:\/\/broelz-burnout-beratung.de\/wp-content\/uploads\/2021\/02\/Burnout-Beratung-Broelz-Bild-1.png 600w, https:\/\/broelz-burnout-beratung.de\/wp-content\/uploads\/2021\/02\/Burnout-Beratung-Broelz-Bild-1-300x300.png 300w, https:\/\/broelz-burnout-beratung.de\/wp-content\/uploads\/2021\/02\/Burnout-Beratung-Broelz-Bild-1-150x150.png 150w, https:\/\/broelz-burnout-beratung.de\/wp-content\/uploads\/2021\/02\/Burnout-Beratung-Broelz-Bild-1-36x36.png 36w, https:\/\/broelz-burnout-beratung.de\/wp-content\/uploads\/2021\/02\/Burnout-Beratung-Broelz-Bild-1-180x180.png 180w\" sizes=\"(max-width: 600px) 100vw, 600px\" \/><\/div><\/div><\/div><\/div>\n\n<\/div><\/div><\/div><!-- close content main div --><\/div><\/div><div id='av_section_4'  class='avia-section alternate_color avia-section-large avia-no-border-styling  avia-bg-style-fixed  avia-builder-el-15  el_after_av_section  el_before_av_section   container_wrap fullsize' style=' '  ><div class='container' ><div class='template-page content  av-content-full alpha units'><div class='post-entry post-entry-type-page post-entry-240'><div class='entry-content-wrapper clearfix'>\n<div class=\"flex_column av_one_third  flex_column_div av-zero-column-padding first  avia-builder-el-16  el_before_av_two_third  avia-builder-el-first  \" style='border-radius:0px; '><p><div  class='avia-image-container  av-styling-    avia-builder-el-17  el_before_av_heading  avia-builder-el-first  avia-align-center '  itemprop=\"image\" itemscope=\"itemscope\" itemtype=\"https:\/\/schema.org\/ImageObject\"  ><div class='avia-image-container-inner'><div class='avia-image-overlay-wrap'><img decoding=\"async\" class='wp-image-494 avia-img-lazy-loading-not-494 avia_image' src=\"https:\/\/broelz-burnout-beratung.de\/wp-content\/uploads\/2021\/02\/Burnout-Beratung-Broelz-Bild-2.png\" alt='' title='Burnout Beratung Broelz - Bild 2' height=\"600\" width=\"601\"  itemprop=\"thumbnailUrl\" srcset=\"https:\/\/broelz-burnout-beratung.de\/wp-content\/uploads\/2021\/02\/Burnout-Beratung-Broelz-Bild-2.png 601w, https:\/\/broelz-burnout-beratung.de\/wp-content\/uploads\/2021\/02\/Burnout-Beratung-Broelz-Bild-2-300x300.png 300w, https:\/\/broelz-burnout-beratung.de\/wp-content\/uploads\/2021\/02\/Burnout-Beratung-Broelz-Bild-2-150x150.png 150w, https:\/\/broelz-burnout-beratung.de\/wp-content\/uploads\/2021\/02\/Burnout-Beratung-Broelz-Bild-2-36x36.png 36w, https:\/\/broelz-burnout-beratung.de\/wp-content\/uploads\/2021\/02\/Burnout-Beratung-Broelz-Bild-2-180x180.png 180w\" sizes=\"(max-width: 601px) 100vw, 601px\" \/><\/div><\/div><\/div><br \/>\n<div  style='padding-bottom:10px; ' class='av-special-heading av-special-heading-h2  blockquote modern-quote modern-centered  avia-builder-el-18  el_after_av_image  avia-builder-el-last  blue_font '><h2 class='av-special-heading-tag '  itemprop=\"headline\"  >Entspannungs\u00adtechniken<\/h2><div class='special-heading-border'><div class='special-heading-inner-border' ><\/div><\/div><\/div><\/p><\/div><div class=\"flex_column av_two_third  flex_column_div av-zero-column-padding   avia-builder-el-19  el_after_av_one_third  avia-builder-el-last  \" style='border-radius:0px; '><section class=\"av_textblock_section \"  itemscope=\"itemscope\" itemtype=\"https:\/\/schema.org\/CreativeWork\" ><div class='avia_textblock  '   itemprop=\"text\" ><p class=\"p1\"><span class=\"s1\"><b>Muskul\u00e4re Entspannung<\/b><\/span><\/p>\n<p class=\"p1\"><span class=\"s1\">Die muskul\u00e4re Entspannung, auch als progressive Muskelentspannung oder isometrische \u00dcbungen bezeichnet, ist leicht erlernbar und eignet sich besonders als Basismethode auf der andere Techniken aufgebaut werden k\u00f6nnen. Diese Methode beruht auf einem Wechsel zwischen Anspannung einzelner Bereiche der Skelettmuskulatur und deren anschlie\u00dfenden Lockerung. Beherrscht man diese Methode ist eine Entspannung &#8220;auf Kommando&#8221; m\u00f6glich. Der pers\u00f6nliche Stresspegel kann dadurch erheblich reduziert werden.<\/span><\/p>\n<\/div><\/section><br \/>\n<div  style='height:15px' class='hr hr-invisible   avia-builder-el-21  el_after_av_textblock  el_before_av_textblock '><span class='hr-inner ' ><span class='hr-inner-style'><\/span><\/span><\/div><br \/>\n<section class=\"av_textblock_section \"  itemscope=\"itemscope\" itemtype=\"https:\/\/schema.org\/CreativeWork\" ><div class='avia_textblock  '   itemprop=\"text\" ><p class=\"p1\"><span class=\"s1\"><b>Atemtechniken<\/b><\/span><\/p>\n<p class=\"p1\"><span class=\"s1\">Die Atemtechnik ist ebenfalls eine relativ leicht erlernbare Technik, um seinen Stresslevel zumindern und die Leistungskraft des K\u00f6rpers zu erh\u00f6hen. In Stresssituation ver\u00e4ndert sich durch die Erregung des Symphatikus unsere Atmung. Es existiert eine gro\u00dfe Bandbreite von Atem\u00fcbungen unterschiedlicher Schwierigkeitsgrade. Fangen Sie mit einer leichten an.<\/span><\/p>\n<\/div><\/section><br \/>\n<div  style='height:15px' class='hr hr-invisible   avia-builder-el-23  el_after_av_textblock  el_before_av_textblock '><span class='hr-inner ' ><span class='hr-inner-style'><\/span><\/span><\/div><br \/>\n<section class=\"av_textblock_section \"  itemscope=\"itemscope\" itemtype=\"https:\/\/schema.org\/CreativeWork\" ><div class='avia_textblock  '   itemprop=\"text\" ><p class=\"p1\"><span class=\"s1\"><b>Autogenes Training<\/b><\/span><\/p>\n<p class=\"p1\"><span class=\"s1\">Beim autogenen Training steht die F\u00e4higkeit zur Selbstentspannung, die sich mittels autosuggestiver (sich selbst beeinflussender) \u00dcbungen verbessern l\u00e4sst, im Vordergrund. Die bewusste Konzentration auf den eigenen K\u00f6rper f\u00fchrt beim autogen Training \u00fcber eine intensive K\u00f6rperwahrnehmung zu tiefer innerer Entspannung, Ruhe und Ausgeglichenheit.<\/span><\/p>\n<\/div><\/section><\/p><\/div>\n\n<\/div><\/div><\/div><!-- close content main div --><\/div><\/div><div id='av_section_5'  class='avia-section main_color avia-section-large avia-no-border-styling  avia-bg-style-fixed  avia-builder-el-25  el_after_av_section  el_before_av_section   container_wrap fullsize' style=' '  ><div class='container' ><div class='template-page content  av-content-full alpha units'><div class='post-entry post-entry-type-page post-entry-240'><div class='entry-content-wrapper clearfix'>\n<div class=\"flex_column av_one_full  flex_column_div av-zero-column-padding first  avia-builder-el-26  avia-builder-el-no-sibling  \" style='border-radius:0px; '><p><div  class='avia-image-container  av-styling-   av-small-hide av-mini-hide  avia-builder-el-27  el_before_av_image  avia-builder-el-first  avia-align-center '  itemprop=\"image\" itemscope=\"itemscope\" itemtype=\"https:\/\/schema.org\/ImageObject\"  ><div class='avia-image-container-inner'><div class='avia-image-overlay-wrap'><img decoding=\"async\" class='wp-image-762 avia-img-lazy-loading-not-762 avia_image' src=\"https:\/\/broelz-burnout-beratung.de\/wp-content\/uploads\/2021\/02\/Burnout-Beratung-Broelz-Ernaehrung-und-Sport2.svg\" alt='' title='Burnout Beratung Broelz - Ernaehrung und Sport2' height=\"1024\" width=\"1024\"  itemprop=\"thumbnailUrl\" srcset=\"https:\/\/broelz-burnout-beratung.de\/wp-content\/uploads\/\/2021\/02\/Burnout-Beratung-Broelz-Ernaehrung-und-Sport2.svg 150w, https:\/\/broelz-burnout-beratung.de\/wp-content\/uploads\/\/2021\/02\/Burnout-Beratung-Broelz-Ernaehrung-und-Sport2.svg 300w, https:\/\/broelz-burnout-beratung.de\/wp-content\/uploads\/\/2021\/02\/Burnout-Beratung-Broelz-Ernaehrung-und-Sport2.svg 1024w\" sizes=\"(max-width: 1024px) 100vw, 1024px\" \/><\/div><\/div><\/div><br \/>\n<div  class='avia-image-container  av-styling-   av-desktop-hide av-medium-hide  avia-builder-el-28  el_after_av_image  el_before_av_hr  avia-align-left '  itemprop=\"image\" itemscope=\"itemscope\" itemtype=\"https:\/\/schema.org\/ImageObject\"  ><div class='avia-image-container-inner'><div class='avia-image-overlay-wrap'><img decoding=\"async\" class='wp-image-0 avia-img-lazy-loading-not-0 avia_image' src=\"https:\/\/broelz-burnout-beratung.de\/wp-content\/uploads\/2021\/02\/Burnout-Beratung-Broelz-Ernaehrung-und-sport-1.svg\" alt='' title=''   itemprop=\"thumbnailUrl\"  \/><\/div><\/div><\/div><br \/>\n<div  style='height:1px' class='hr hr-invisible   avia-builder-el-29  el_after_av_image  el_before_av_textblock '><span class='hr-inner ' ><span class='hr-inner-style'><\/span><\/span><\/div><br \/>\n<section class=\"av_textblock_section \"  itemscope=\"itemscope\" itemtype=\"https:\/\/schema.org\/CreativeWork\" ><div class='avia_textblock  '   itemprop=\"text\" ><p class=\"p1\"><span class=\"s1\">Wer sich durch gesunde Ern\u00e4hrung und k\u00f6rperliche Aktivit\u00e4ten fit h\u00e4lt, bietet Stress weniger Angriffsm\u00f6glichkeiten und neigt seltener zu negativen Stress-reaktionen. Leider hat eine solche Lebensweise in unserem Alltag immer weniger Platz. Seien Sie ehrlich zu sich: Wie oft haben Sie sich schon vorgenommen, mehr Sport zu machen oder sich ges\u00fcnder zu ern\u00e4hren &#8211; Und wie gut ist es Ihnen gelungen diese Vors\u00e4tze m\u00f6glichst dauerhaft umzusetzen.<\/span><\/p>\n<\/div><\/section><br \/>\n<div  style='height:1px; margin-top:-50px'  class='hr hr-invisible   avia-builder-el-31  el_after_av_textblock  avia-builder-el-last '><span class='hr-inner ' ><span class='hr-inner-style'><\/span><\/span><\/div><\/p><\/div>\n\n<\/div><\/div><\/div><!-- close content main div --><\/div><\/div><div id='100'  class='avia-section main_color avia-section-default avia-no-border-styling  avia-full-stretch avia-bg-style-scroll  avia-builder-el-32  el_after_av_section  el_before_av_section   container_wrap fullsize' style='background-repeat: no-repeat; background-image: url(https:\/\/broelz-burnout-beratung.de\/wp-content\/uploads\/2021\/02\/Burnout-Beratung-Broelz-Hintergrund-graue-Linien-1.svg);background-attachment: scroll; background-position: top center;  margin-top:0px; margin-bottom:0px; '  data-section-bg-repeat='stretch'><div class='container' ><div class='template-page content  av-content-full alpha units'><div class='post-entry post-entry-type-page post-entry-240'><div class='entry-content-wrapper clearfix'>\n<\/div><\/div><\/div><!-- close content main div --><\/div><\/div><div id='av_section_7'  class='avia-section main_color avia-section-large avia-no-border-styling  avia-bg-style-fixed  avia-builder-el-33  el_after_av_section  avia-builder-el-last   container_wrap fullsize' style='background-color: #1c3250;  '  ><div class='container' ><div class='template-page content  av-content-full alpha units'><div class='post-entry post-entry-type-page post-entry-240'><div class='entry-content-wrapper clearfix'>\n<div class=\"flex_column av_one_full  flex_column_div av-zero-column-padding first  avia-builder-el-34  el_before_av_one_half  avia-builder-el-first  \" style='border-radius:0px; '><section class=\"av_textblock_section \"  itemscope=\"itemscope\" itemtype=\"https:\/\/schema.org\/CreativeWork\" ><div class='avia_textblock white_font av_inherit_color '  style='color:#ffffff; '  itemprop=\"text\" ><p class=\"p1\" style=\"text-align: center;\"><span class=\"s1\"><b>Tipps f\u00fcr eine gelungene Umsetzung<\/b><\/span><\/p>\n<\/div><\/section><\/div><div class=\"flex_column av_one_half  flex_column_div av-zero-column-padding first  avia-builder-el-36  el_after_av_one_full  el_before_av_one_half  column-top-margin\" style='border-radius:0px; '><section class=\"av_textblock_section \"  itemscope=\"itemscope\" itemtype=\"https:\/\/schema.org\/CreativeWork\" ><div class='avia_textblock  av_inherit_color '  style='color:#ffffff; '  itemprop=\"text\" ><p class=\"p1\"><span class=\"s1\">&#8211; sie m\u00fcssen es wirklich wollen<\/span><\/p>\n<p class=\"p1\"><span class=\"s1\">&#8211; vor Augen halten was sie dazu motiviert<\/span><\/p>\n<p class=\"p1\"><span class=\"s1\">&#8211; suchen Sie sich eine Sportart, die Ihnen wirklich(!) Spa\u00df macht<\/span><\/p>\n<p class=\"p1\"><span class=\"s1\">&#8211; Suchen Sie sich einen Partner, damit Sie sich gegenseitig motivieren k\u00f6nnen<\/span><\/p>\n<p class=\"p1\"><span class=\"s1\">&#8211; \u00dcbertreiben Sie nicht<\/span><\/p>\n<\/div><\/section><\/div><div class=\"flex_column av_one_half  flex_column_div av-zero-column-padding   avia-builder-el-38  el_after_av_one_half  avia-builder-el-last  column-top-margin\" style='border-radius:0px; '><section class=\"av_textblock_section \"  itemscope=\"itemscope\" itemtype=\"https:\/\/schema.org\/CreativeWork\" ><div class='avia_textblock  av_inherit_color '  style='color:#ffffff; '  itemprop=\"text\" ><p class=\"p1\"><span class=\"s1\">&#8211; Regelm\u00e4\u00dfigkeit: Nach 21 Wiederholungen ohne Unterbrechung beginnt die Automatisierung<\/span><\/p>\n<p class=\"p1\"><span class=\"s1\">&#8211; Verzichten Sie einen Monat lang auf ein bestimmtes Nahrungsmittel z.B. Zucker oder Fast Food.<\/span><\/p>\n<p class=\"p1\"><span class=\"s1\">&#8211; Ersetzen Sie dies durch ein gesundes Nahrungsmittel.<span class=\"Apple-converted-space\">\u00a0<\/span><\/span><\/p>\n<p class=\"p1\"><span class=\"s1\">&#8211; G\u00f6nnen Sie sich einen \u201eCheat Day&#8221;<\/span><\/p>\n<p class=\"p1\"><span class=\"s1\">&#8211; Belohnen Sie sich<\/span><\/p>\n<\/div><\/section><\/div>\n\n","protected":false},"excerpt":{"rendered":"","protected":false},"author":1,"featured_media":0,"parent":0,"menu_order":0,"comment_status":"closed","ping_status":"closed","template":"","meta":{"footnotes":""},"class_list":["post-240","page","type-page","status-publish","hentry"],"_links":{"self":[{"href":"https:\/\/broelz-burnout-beratung.de\/index.php\/wp-json\/wp\/v2\/pages\/240","targetHints":{"allow":["GET"]}}],"collection":[{"href":"https:\/\/broelz-burnout-beratung.de\/index.php\/wp-json\/wp\/v2\/pages"}],"about":[{"href":"https:\/\/broelz-burnout-beratung.de\/index.php\/wp-json\/wp\/v2\/types\/page"}],"author":[{"embeddable":true,"href":"https:\/\/broelz-burnout-beratung.de\/index.php\/wp-json\/wp\/v2\/users\/1"}],"replies":[{"embeddable":true,"href":"https:\/\/broelz-burnout-beratung.de\/index.php\/wp-json\/wp\/v2\/comments?post=240"}],"version-history":[{"count":27,"href":"https:\/\/broelz-burnout-beratung.de\/index.php\/wp-json\/wp\/v2\/pages\/240\/revisions"}],"predecessor-version":[{"id":986,"href":"https:\/\/broelz-burnout-beratung.de\/index.php\/wp-json\/wp\/v2\/pages\/240\/revisions\/986"}],"wp:attachment":[{"href":"https:\/\/broelz-burnout-beratung.de\/index.php\/wp-json\/wp\/v2\/media?parent=240"}],"curies":[{"name":"wp","href":"https:\/\/api.w.org\/{rel}","templated":true}]}}